onvert 663465 (base 7) to base 2.
11100011100101000
What is d0add (base 14) in base 9?
844012
Convert -11001010011101110 (base 2) to base 12.
-4bba6
Convert -10220201102202 (base 3) to base 15.
-2b1858
ad608 (base 14) to base 3
210101112012
28a9616 (base 11) to base 8
23023306
133517 (base 10) to base 12
65325
What is -19eea6 (base 16) in base 6?
-100232010
What is -11221200122 (base 3) in base 16?
-17cb4
Convert -3314502 (base 6) to base 3.
-22102012202
What is 2c211c6 (base 13) in base 11?
7aa8243
Convert 1024782 (base 10) to base 11.
63aa30
What is -3c0bd (base 15) in base 4?
-233000221
What is -2a4904 (base 11) in base 2?
-1110011111100110001
What is 106535 (base 9) in base 11?
43a85
What is 57a4dc (base 16) in base 8?
25722334
-26c56 (base 15) to base 9
-208430
Convert 2527310 (base 10) to base 16.
26904e
-1011001000101000000000 (base 2) to base 15
-3c9ce2
35568 (base 11) to base 16
c839
275282 (base 10) to base 16
43352
Convert -17743167 (base 8) to base 9.
-7770262
Convert 16b675 (base 13) to base 7.
4553535
What is 4a04aa (base 11) in base 15?
10967d
What is 200cb (base 14) in base 8?
226323
What is 1111100101011111001011 (base 2) in base 10?
4085707
Convert 101110100110111011110 (base 2) to base 7.
15660442
Convert 3462231 (base 7) to base 3.
211010020110
76223052 (base 8) to base 6
1341545402
Convert -a297a (base 14) to base 7.
-3220313
Convert -1015312342 (base 6) to base 5.
-10204203402
c41b6 (base 14) to base 2
1110011010100000100
67c39 (base 14) to base 15
4ea72
-220020201220 (base 3) to base 14
-c5d31
Convert 554236 (base 8) to base 16.
2d89e
108092 (base 16) to base 12
441a42
Convert -10362132 (base 7) to base 2.
-11011001000100101000
What is 123015400 (base 6) in base 2?
1001000101100010011000
Convert 748158 (base 9) to base 10.
445553
-24540273 (base 8) to base 12
-199658b
Convert 157787 (base 10) to base 7.
1225010
Convert -1000011101110001001 (base 2) to base 5.
-32334020
-10173724 (base 8) to base 6
-114150432
Convert b153 (base 12) to base 7.
110010
What is 1400240033 (base 5) in base 12?
121b6b5
What is -1111001111101101 (base 2) in base 6?
-1201033
What is 423504 (base 6) in base 7?
202444
What is 300232012 (base 4) in base 7?
1460542
-1044224241 (base 5) to base 8
-10722704
What is -21021313 (base 5) in base 3?
-22210202202
What is 134260304 (base 7) in base 9?
17422445
What is -242112033 (base 5) in base 4?
-10103220322
Convert -1344421 (base 6) to base 5.
-4414224
What is -2222112212102 (base 3) in base 10?
-1585478
Convert -1001a3 (base 12) to base 3.
-110122200220
-435330 (base 8) to base 14
-3b384
Convert -59b547 (base 14) to base 7.
-35030020
b511b (base 12) to base 8
716547
What is -1d5d87 (base 15) in base 13?
-3b4364
-223330001 (base 4) to base 3
-100010212112
Convert 61b500 (base 12) to base 4.
11312120100
What is -90d63 (base 14) in base 11?
-218819
Convert -11141650 (base 7) to base 6.
-32430431
-62a785 (base 11) to base 2
-11110110100010101110
-220380 (base 12) to base 11
-339504
Convert -41244 (base 12) to base 8.
-246024
What is -952759 (base 11) in base 9?
-2775538
What is -1857401 (base 9) in base 4?
-3332122102
What is -2202212012112 (base 3) in base 12?
-5b0842
-11001010101100 (base 2) to base 12
-7610
Convert -10235130 (base 6) to base 12.
-125aa6
What is -14251222 (base 7) in base 10?
-1340215
What is -121122320 (base 4) in base 2?
-11001011010111000
Convert 59402 (base 11) to base 7.
504524
Convert -220324021 (base 5) to base 7.
-11030463
Convert -2352175 (base 8) to base 5.
-131103341
-4056018 (base 9) to base 8
-10200420
What is -811282 (base 16) in base 2?
-100000010001001010000010
What is -111100000100100001 (base 2) in base 7?
-2043226
What is bc0ea4 (base 15) in base 7?
136122622
-114053632 (base 7) to base 12
-2450917
What is -430a62 (base 16) in base 11?
-2530a55
1000010001100001111 (base 2) to base 9
452813
Convert 2401344 (base 12) to base 7.
113145160
Convert 1100025 (base 7) to base 11.
92040
Convert 14146082 (base 9) to base 14.
d02670
Convert -1366145 (base 7) to base 9.
-311218
-b937 (base 12) to base 9
-30817
Convert -111020100002 (base 3) to base 11.
-168797
-185141 (base 9) to base 6
-2245444
Convert 1da3a (base 14) to base 11.
521a2
Convert 25a21 (base 13) to base 10.
69824
What is -22312013 (base 5) in base 9?
-331241
What is 2111122101200 (base 3) in base 13?
378048
Convert -144bb8 (base 14) to base 15.
-ddc57
Convert 1182171 (base 11) to base 6.
111554441
1012634 (base 7) to base 2
11101100011011111
-b5dc (base 14) to base 10
-31358
100010111000001001 (base 2) to base 6
3021213
What is -1b4cbb (base 13) in base 6?
-22532122
What is 25f97 (base 16) in base 8?
457627
43120423 (base 6) to base 16
1361df
Convert 1162449 (base 11) to base 2.
111101110000011101001
What is 1420442 (base 5) in base 8?
71471
Convert 123203100211 (base 4) to base 2.
11011100011010000100101
Convert 246408 (base 9) to base 8.
443070
Convert 354863 (base 13) to base 5.
311020110
What is -1000000101111111010 (base 2) in base 10?
-265210
What is -3044124 (base 5) in base 4?
-30023322
Convert 101201102200112 (base 3) to base 4.
111232312022
Convert 301155 (base 6) to base 16.
5c3f
What is 110521554 (base 7) in base 11?
3851155
Convert -993104 (base 12) to base 9.
-4515274
What is -1121525 (base 7) in base 11?
-960a0
What is -6359446 (base 10) in base 2?
-11000010000100110010110
111101101100011 (base 2) to base 9
47286
291511 (base 11) to base 6
13434135
-201786 (base 10) to base 15
-3ebc6
What is -12454314 (base 6) in base 7?
-3333424
Convert -255160363 (base 7) to base 8.
-76033327
Convert 63227a (base 11) to base 7.
11416665
182823 (base 14) to base 6
30133315
Convert 38241b (base 13) to base 12.
54b945
What is -cc063 (base 13) in base 15?
-745bc
Convert 2538aa (base 11) to base 8.
1416004
What is 190cd (base 14) in base 11?
4360a
Convert -1758791 (base 13) to base 8.
-34743326
Convert -1030331034 (base 6) to base 15.
-e62e3d
What is 15472 (base 9) in base 2?
10100101100011
What is 11d0b3 (base 14) in base 12?
256259
Convert -514b0 (base 13) to base 5.
-14131241
Convert 230331000320 (base 4) to base 9.
24150848
What is -116a04 (base 15) in base 4?
-3023033320
What is -73d0 (base 14) in base 16?
-4e0a
What is ad6b6 (base 16) in base 15?
e0701
-14346520 (base 8) to base 5
-1313420244
What is 3540629 (base 10) in base 3?
20122212211102
What is -2725163 (base 8) in base 12?
-30a52b
What is -32371 (base 8) in base 13?
-6232
What is -560210 (base 9) in base 3?
-122000020100
-42735 (base 12) to base 13
-30a5b
What is -1847a2 (base 12) in base 11?
-26969a
What is 3656c (base 13) in base 4?
120113120
What is -54646 (base 7) in base 15?
-40da
-757614 (base 8) to base 9
-426170
Convert -135a9 (base 14) to base 16.
-baa1
What is 10a245 (base 13) in base 10?
393658
5e373 (base 15) to base 4
1021201212
-27c505 (base 13) to base 9
-1737184
Convert 2004495 (base 11) to base 10.
3549034
What is 682340 (base 11) in base 12?
44491b
Convert -66209 (base 15) to base 5.
-40340314
What is -3a8521 (base 12) in base 10?
-968425
What is -440321 (base 10) in base 15?
-8a6eb
1795109 (base 10) to base 14
34a2a1
-259467 (base 11) to base 8
-1434443
31200 (base 4) to base 14
45a
Convert -2516a3 (base 12) to base 4.
-2103132123
Convert -b94d98 (base 16) to base 9.
-24758420
What is 213221233332 (base 4) in base 12?
35934a6
1101277 (base 8) to base 13
a4728
-1283401 (base 9) to base 12
-29b877
-706a24 (base 13) to base 8
-11761301
-104357 (base 9) to base 16
-f334
4402114332 (base 5) to base 2
100011111001100000100000
-7a2302 (base 11) to base 12
-516a76
Convert -31121231000 (base 4) to base 7.
-41601266
2baa9 (base 15) to base 10
140784
Convert 30015d (base 16) to base 13.
861cac
2472be (base 15) to base 2
110101010001001100000
What is 15737621 (base 9) in base 11?
44a1513
Convert -1747802 (base 9) to base 14.
-1b5d81
Convert -23ca9cc (base 13) to base 15.
-e9dde3
What is -1ad95 (base 16) in base 15?
-228b8
What is 12ec8 (base 16) in base 11?
53266
What is -687110 (base 9) in base 10?
-411975
Convert 1a02b35 (base 13) to base 9.
17064855
Convert -318455 (base 12) to base 14.
-164c37
Convert 1bb3575 (base 13) to base 3.
122101001221011
What is ea04 (base 15) in base 7?
264220
What is 69632 (base 14) in base 8?
764634
30300b (base 12)